 19.
5
Calculate the remainder when 25 is divided by 3.
1
Calculate the remainder when 790 is divided by 44.
42
Calculate the remainder when 609 is divided by 68.
65
What is the remainder when 3405 is divided by 1130?
15
What is the remainder when 242 is divided by 82?
78
What is the remainder when 98 is divided by 26?
20
What is the remainder when 22 is divided by 9?
4
What is the remainder when 120 is divided by 119?
1
What is the remainder when 242 is divided by 113?
16
Calculate the remainder when 1899 is divided by 8.
3
What is the remainder when 3474 is divided by 174?
168
What is the remainder when 700 is divided by 37?
34
What is the remainder when 75 is divided by 62?
13
What is the remainder when 3250 is divided by 35?
30
What is the remainder when 577 is divided by 9?
1
What is the remainder when 385 is divided by 90?
25
Calculate the remainder when 1136 is divided by 59.
15
Calculate the remainder when 48 is divided by 17.
14
What is the remainder when 435 is divided by 109?
108
What is the remainder when 33 is divided by 17?
16
Calculate the remainder when 236 is divided by 3.
2
What is the remainder when 91 is divided by 71?
20
What is the remainder when 32617 is divided by 393?
391
Calculate the remainder when 92 is divided by 64.
28
What is the remainder when 1340 is divided by 336?
332
Calculate the remainder when 106 is divided by 56.
50
Calculate the remainder when 1497 is divided by 107.
106
Calculate the remainder when 361 is divided by 28.
25
Calculate the remainder when 370 is divided by 195.
175
What is the remainder when 1707 is divided by 28?
27
What is the remainder when 260 is divided by 91?
78
What is the remainder when 79 is divided by 64?
15
What is the remainder when 14068 is divided by 14?
12
Calculate the remainder when 235 is divided by 83.
69
Calculate the remainder when 368 is divided by 244.
124
What is the remainder when 87 is divided by 30?
27
Calculate the remainder when 143 is divided by 29.
27
Calculate the remainder when 13 is divided by 5.
3
Calculate the remainder when 195 is divided by 68.
59
Calculate the remainder when 414 is divided by 26.
24
What is the remainder when 4893 is divided by 96?
93
What is the remainder when 611 is divided by 186?
53
Calculate the remainder when 446 is divided by 148.
2
What is the remainder when 778 is divided by 290?
198
Calculate the remainder when 804 is divided by 51.
39
Calculate the remainder when 13 is divided by 7.
6
Calculate the remainder when 93 is divided by 1.
0
Calculate the remainder when 75 is divided by 13.
10
Calculate the remainder when 481 is divided by 7.
5
Calculate the remainder when 323 is divided by 111.
101
Calculate the remainder when 3399 is divided by 63.
60
What is the remainder when 415 is divided by 60?
55
Calculate the remainder when 352 is divided by 46.
30
Calculate the remainder when 208 is divided by 10.
8
What is the remainder when 658 is divided by 15?
13
What is the remainder when 136 is divided by 7?
3
What is the remainder when 456 is divided by 33?
27
What is the remainder when 147 is divided by 42?
21
Calculate the remainder when 1622 is divided by 1618.
4
What is the remainder when 221 is divided by 54?
5
What is the remainder when 384 is divided by 90?
24
Calculate the remainder when 733 is divided by 39.
31
Calculate the remainder when 117 is divided by 20.
17
What is the remainder when 134 is divided by 120?
14
What is the remainder when 19 is divided by 12?
7
Calculate the remainder when 503 is divided by 72.
71
What is the remainder when 506 is divided by 127?
125
Calculate the remainder when 2103 is divided by 81.
78
Calculate the remainder when 642 is divided by 67.
39
What is the remainder when 1432 is divided by 130?
2
What is the remainder when 478 is divided by 30?
28
What is the remainder when 170 is divided by 62?
46
Calculate the remainder when 363 is divided by 62.
53
What is the remainder when 1791 is divided by 224?
223
Calculate the remainder when 110 is divided by 47.
16
Calculate the remainder when 127 is divided by 26.
23
What is the remainder when 2072 is divided by 189?
182
What is the remainder when 63 is divided by 18?
9
Calculate the remainder when 96 is divided by 76.
20
What is the remainder when 41 is divided by 6?
5
Calculate the remainder when 412 is divided by 5.
2
What is the remainder when 1052 is divided by 58?
8
What is the remainder when 74 is divided by 21?
11
What is the remainder when 17 is divided by 4?
1
Calculate the remainder when 599 is divided by 14.
11
What is the remainder when 853 is divided by 61?
60
Calculate the remainder when 262 is divided by 108.
46
What is the remainder when 256 is divided by 18?
4
What is the remainder when 463 is divided by 167?
129
What is the remainder when 11375 is divided by 12?
11
Calculate the remainder when 450 is divided by 22.
10
Calculate the remainder when 1145 is divided by 31.
29
Calculate the remainder when 183 is divided by 86.
11
Calculate the remainder when 1781 is divided by 59.
11
Calculate the remainder when 565 is divided by 145.
130
What is the remainder when 267 is divided by 14?
1
Calculate the remainder when 172 is divided by 41.
8
Calculate the remainder when 74 is divided by 19.
17
What is the remainder when 154 is divided by 31?
30
Calculate the remainder when 661 is divided by 39.
37
Calculate the remainder when 809 is divided by 262.
23
What is the remainder when 907 is divided by 48?
43
What is the remainder when 2713 is divided by 1352?
9
What is the remainder when 4883 is divided by 7?
4
Calculate the remainder when 35 is divided by 16.
3
What is the remainder when 416 is divided by 11?
9
Calculate the remainder when 152 is divided by 9.
8
Calculate the remainder when 2964 is divided by 9.
3
Calculate the remainder when 156 is divided by 8.
4
What is the remainder when 2542 is divided by 26?
20
Calculate the remainder when 165 is divided by 24.
21
Calculate the remainder when 204 is divided by 185.
19
What is the remainder when 590 is divided by 56?
30
What is the remainder when 615 is divided by 77?
76
Calculate the remainder when 458 is divided by 213.
32
What is the remainder when 721 is divided by 82?
65
What is the remainder when 60 is divided by 5?
0
Calculate the remainder when 233 is divided by 209.
24
Calculate the remainder when 292 is divided by 11.
6
Calculate the remainder when 149 is divided by 26.
19
What is the remainder when 4180 is divided by 8?
4
What is the remainder when 67 is divided by 17?
16
What is the remainder when 1650 is divided by 281?
245
Calculate the remainder when 222 is divided by 38.
32
What is the remainder when 2379 is divided by 578?
67
What is the remainder when 143 is divided by 12?
11
What is the remainder when 1437 is divided by 142?
17
What is the remainder when 142 is divided by 39?
25
Calculate the remainder when 3814 is divided by 12.
10
What is the remainder when 2190 is divided by 126?
48
Calculate the remainder when 145 is divided by 15.
10
What is the remainder when 124 is divided by 14?
12
Calculate the remainder when 179 is divided by 44.
3
What is the remainder when 122 is divided by 14?
10
What is the remainder when 797 is divided by 47?
45
Calculate the remainder when 232 is divided by 48.
40
What is the remainder when 898 is divided by 11?
7
Calculate the remainder when 339 is divided by 31.
29
Calculate the remainder when 99 is divided by 17.
14
Calculate the remainder when 58 is divided by 33.
25
What is the remainder when 332 is divided by 49?
38
What is the remainder when 427 is divided by 86?
83
What is the remainder when 136 is divided by 35?
31
What is the remainder when 35 is divided by 3?
2
Calculate the remainder when 920 is divided by 80.
40
What is the remainder when 2657 is divided by 4?
1
What is the remainder when 11579 is divided by 30?
29
Calculate the remainder when 39477 is divided by 15.
12
What is the remainder when 335 is divided by 12?
11
What is the remainder when 46 is divided by 45?
1
Calculate the remainder when 747 is divided by 50.
47
Calculate the remainder when 17 is divided by 9.
8
What is the remainder when 1076 is divided by 60?
56
Calculate the remainder when 5804 is divided by 1934.
2
What is the remainder when 1113 i